{"id":680,"date":"2024-06-10T11:47:22","date_gmt":"2024-06-10T11:47:22","guid":{"rendered":"https:\/\/demosites.royal-elementor-addons.com\/business-consulting-v2\/?page_id=680"},"modified":"2025-08-27T10:31:24","modified_gmt":"2025-08-27T10:31:24","slug":"sobre","status":"publish","type":"page","link":"https:\/\/vantagemfiscal.pt\/index.php\/sobre\/","title":{"rendered":"Sobre"},"content":{"rendered":"\t\t<div data-elementor-type=\"wp-page\" data-elementor-id=\"680\" class=\"elementor elementor-680\">\n\t\t\t\t<div class=\"elementor-element elementor-element-feaea28 e-flex e-con-boxed wpr-particle-no wpr-jarallax-no wpr-parallax-no wpr-sticky-section-no e-con e-parent\" data-id=\"feaea28\" data-element_type=\"container\" data-settings=\"{&quot;background_background&quot;:&quot;classic&quot;}\">\n\t\t\t\t\t<div class=\"e-con-inner\">\n\t\t\t\t<div class=\"elementor-element elementor-element-c6c8ecf elementor-widget elementor-widget-heading\" data-id=\"c6c8ecf\" data-element_type=\"widget\" data-widget_type=\"heading.default\">\n\t\t\t\t\t<h1 class=\"elementor-heading-title elementor-size-default\">Sobre n\u00f3s<\/h1>\t\t\t\t<\/div>\n\t\t\t\t\t<\/div>\n\t\t\t\t<\/div>\n\t\t<div class=\"elementor-element elementor-element-d6e01c2 e-flex e-con-boxed wpr-particle-no wpr-jarallax-no wpr-parallax-no wpr-sticky-section-no e-con e-parent\" data-id=\"d6e01c2\" data-element_type=\"container\">\n\t\t\t\t\t<div class=\"e-con-inner\">\n\t\t<div class=\"elementor-element elementor-element-402d7b3 e-flex e-con-boxed wpr-particle-no wpr-jarallax-no wpr-parallax-no wpr-sticky-section-no e-con e-child\" data-id=\"402d7b3\" data-element_type=\"container\">\n\t\t\t\t\t<div class=\"e-con-inner\">\n\t\t<div class=\"elementor-element elementor-element-abd6027 e-flex e-con-boxed wpr-particle-no wpr-jarallax-no wpr-parallax-no wpr-sticky-section-no elementor-invisible e-con e-child\" data-id=\"abd6027\" data-element_type=\"container\" data-settings=\"{&quot;animation&quot;:&quot;slideInLeft&quot;}\">\n\t\t\t\t\t<div class=\"e-con-inner\">\n\t\t\t\t<div class=\"elementor-element elementor-element-7b33672 elementor-widget elementor-widget-image\" data-id=\"7b33672\" data-element_type=\"widget\" data-widget_type=\"image.default\">\n\t\t\t\t\t\t\t\t\t\t\t\t\t\t\t<img fetchpriority=\"high\" decoding=\"async\" width=\"768\" height=\"547\" src=\"https:\/\/vantagemfiscal.pt\/wp-content\/uploads\/2025\/08\/businessman-pointing-768x547.jpg\" class=\"attachment-medium_large size-medium_large wp-image-1686\" alt=\"\" srcset=\"https:\/\/vantagemfiscal.pt\/wp-content\/uploads\/2025\/08\/businessman-pointing-768x547.jpg 768w, https:\/\/vantagemfiscal.pt\/wp-content\/uploads\/2025\/08\/businessman-pointing-300x214.jpg 300w, https:\/\/vantagemfiscal.pt\/wp-content\/uploads\/2025\/08\/businessman-pointing-1024x730.jpg 1024w, https:\/\/vantagemfiscal.pt\/wp-content\/uploads\/2025\/08\/businessman-pointing.jpg 1437w\" sizes=\"(max-width: 768px) 100vw, 768px\" \/>\t\t\t\t\t\t\t\t\t\t\t\t\t\t\t<\/div>\n\t\t\t\t\t<\/div>\n\t\t\t\t<\/div>\n\t\t<div class=\"elementor-element elementor-element-1266298 e-flex e-con-boxed wpr-particle-no wpr-jarallax-no wpr-parallax-no wpr-sticky-section-no elementor-invisible e-con e-child\" data-id=\"1266298\" data-element_type=\"container\" data-settings=\"{&quot;animation&quot;:&quot;slideInRight&quot;}\">\n\t\t\t\t\t<div class=\"e-con-inner\">\n\t\t\t\t<div class=\"elementor-element elementor-element-24cdf29 elementor-widget elementor-widget-heading\" data-id=\"24cdf29\" data-element_type=\"widget\" data-widget_type=\"heading.default\">\n\t\t\t\t\t<h2 class=\"elementor-heading-title elementor-size-default\">A nossa miss\u00e3o e vis\u00e3o<\/h2>\t\t\t\t<\/div>\n\t\t\t\t<div class=\"elementor-element elementor-element-735e828 elementor-widget elementor-widget-text-editor\" data-id=\"735e828\" data-element_type=\"widget\" data-widget_type=\"text-editor.default\">\n\t\t\t\t\t\t\t\t\t<p>Simplificar a contabilidade e gest\u00e3o fiscal, ajudando empresas e empreendedores a crescer com confian\u00e7a e efici\u00eancia.<\/p>\t\t\t\t\t\t\t\t<\/div>\n\t\t\t\t<div class=\"elementor-element elementor-element-b5188d2 elementor-widget elementor-widget-text-editor\" data-id=\"b5188d2\" data-element_type=\"widget\" data-widget_type=\"text-editor.default\">\n\t\t\t\t\t\t\t\t\t<p>Ser o parceiro de refer\u00eancia em contabilidade estrat\u00e9gica para neg\u00f3cios em crescimento.<\/p>\t\t\t\t\t\t\t\t<\/div>\n\t\t\t\t<div class=\"elementor-element elementor-element-0685dbe elementor-vertical-align-middle elementor-position-left elementor-widget elementor-widget-image-box\" data-id=\"0685dbe\" data-element_type=\"widget\" data-widget_type=\"image-box.default\">\n\t\t\t\t\t<div class=\"elementor-image-box-wrapper\"><figure class=\"elementor-image-box-img\"><img decoding=\"async\" src=\"https:\/\/vantagemfiscal.pt\/wp-content\/uploads\/elementor\/thumbs\/DSCF90391-scaled-rato4knbysp7jvhv4mcepvuzmm440mms1jft77bezk.jpg\" title=\"DSCF9039(1)\" alt=\"DSCF9039(1)\" loading=\"lazy\" \/><\/figure><div class=\"elementor-image-box-content\"><h3 class=\"elementor-image-box-title\">Cl\u00e1udio Farinha<\/h3><p class=\"elementor-image-box-description\">Fundador Vantagemfiscal.pt<\/p><\/div><\/div>\t\t\t\t<\/div>\n\t\t\t\t\t<\/div>\n\t\t\t\t<\/div>\n\t\t\t\t\t<\/div>\n\t\t\t\t<\/div>\n\t\t\t\t\t<\/div>\n\t\t\t\t<\/div>\n\t\t<div class=\"elementor-element elementor-element-dbb5d9d e-flex e-con-boxed wpr-particle-no wpr-jarallax-no wpr-parallax-no wpr-sticky-section-no e-con e-parent\" data-id=\"dbb5d9d\" data-element_type=\"container\" data-settings=\"{&quot;background_background&quot;:&quot;classic&quot;}\">\n\t\t\t\t\t<div class=\"e-con-inner\">\n\t\t<div class=\"elementor-element elementor-element-bbf776a e-flex e-con-boxed wpr-particle-no wpr-jarallax-no wpr-parallax-no wpr-sticky-section-no e-con e-child\" data-id=\"bbf776a\" data-element_type=\"container\">\n\t\t\t\t\t<div class=\"e-con-inner\">\n\t\t<div class=\"elementor-element elementor-element-3ccf4eb e-flex e-con-boxed wpr-particle-no wpr-jarallax-no wpr-parallax-no wpr-sticky-section-no e-con e-child\" data-id=\"3ccf4eb\" data-element_type=\"container\">\n\t\t\t\t\t<div class=\"e-con-inner\">\n\t\t\t\t<div class=\"elementor-element elementor-element-4e8d3f9 elementor-widget elementor-widget-heading\" data-id=\"4e8d3f9\" data-element_type=\"widget\" data-widget_type=\"heading.default\">\n\t\t\t\t\t<h2 class=\"elementor-heading-title elementor-size-default\">Quem somos.<\/h2>\t\t\t\t<\/div>\n\t\t\t\t<div class=\"elementor-element elementor-element-993ef96 elementor-widget elementor-widget-text-editor\" data-id=\"993ef96\" data-element_type=\"widget\" data-widget_type=\"text-editor.default\">\n\t\t\t\t\t\t\t\t\t<p>Somos uma empresa especializada em contabilidade, consultoria fiscal e gest\u00e3o empresarial, dedicada a apoiar empreendedores, profissionais independentes e neg\u00f3cios digitais em todas as fases do seu crescimento. Com uma abordagem pr\u00e1tica, transparente e orientada para resultados, oferecemos solu\u00e7\u00f5es personalizadas que ajudam os nossos clientes a tomar decis\u00f5es informadas e a optimizar a sua performance financeira.<\/p><p>Queremos simplificar a contabilidade e tornar a gest\u00e3o fiscal acess\u00edvel a todos, promovendo uma cultura empresarial baseada na efici\u00eancia, na legalidade e na intelig\u00eancia estrat\u00e9gica.\u00a0 Acreditamos que a contabilidade n\u00e3o deve ser apenas uma obriga\u00e7\u00e3o legal, mas sim uma ferramenta essencial para o sucesso sustent\u00e1vel de qualquer neg\u00f3cio.<\/p><p>Distinguimo-nos pelo acompanhamento pr\u00f3ximo, pela comunica\u00e7\u00e3o clara e pela capacidade de adaptar os nossos servi\u00e7os \u00e0s necessidades reais de cada cliente. Desde a cria\u00e7\u00e3o de empresas at\u00e9 \u00e0 gest\u00e3o de neg\u00f3cios digitais e e-commerce, oferecemos apoio completo, com foco na rentabilidade, na sustentabilidade e no crescimento. Tamb\u00e9m ajudamos na optimiza\u00e7\u00e3o de sites e estrat\u00e9gias de SEO, potenciando a visibilidade online e aumentando as convers\u00f5es.<\/p><p>Com uma equipa experiente e em constante atualiza\u00e7\u00e3o, garantimos um servi\u00e7o de excel\u00eancia, sempre alinhado com as melhores pr\u00e1ticas fiscais e legais. Na VantagemFiscal, cada cliente \u00e9 tratado como um parceiro, com quem constru\u00edmos rela\u00e7\u00f5es duradouras e de confian\u00e7a. A nossa vis\u00e3o \u00e9 crescer lado a lado com quem nos escolhe, contribuindo activamente para o sucesso de cada projecto.<\/p>\t\t\t\t\t\t\t\t<\/div>\n\t\t\t\t\t<\/div>\n\t\t\t\t<\/div>\n\t\t\t\t\t<\/div>\n\t\t\t\t<\/div>\n\t\t\t\t\t<\/div>\n\t\t\t\t<\/div>\n\t\t\t\t<\/div>\n\t\t","protected":false},"excerpt":{"rendered":"<p>Sobre n\u00f3s A nossa miss\u00e3o e vis\u00e3o Simplificar a contabilidade e gest\u00e3o fiscal, ajudando empresas e empreendedores a crescer com confian\u00e7a e efici\u00eancia. Ser o parceiro de refer\u00eancia em contabilidade estrat\u00e9gica para neg\u00f3cios em crescimento. Cl\u00e1udio Farinha Fundador Vantagemfiscal.pt Quem somos. Somos uma empresa especializada em contabilidade, consultoria fiscal e gest\u00e3o empresarial, dedicada a apoiar empreendedores, profissionais independentes e neg\u00f3cios digitais em todas as fases do seu crescimento. Com uma abordagem pr\u00e1tica, transparente e orientada para resultados, oferecemos solu\u00e7\u00f5es personalizadas que ajudam os nossos clientes a tomar decis\u00f5es informadas e a optimizar a sua performance financeira. Queremos simplificar a contabilidade e tornar a gest\u00e3o fiscal acess\u00edvel a todos, promovendo uma cultura empresarial baseada na efici\u00eancia, na legalidade e na intelig\u00eancia estrat\u00e9gica.\u00a0 Acreditamos que a contabilidade n\u00e3o deve ser apenas uma obriga\u00e7\u00e3o legal, mas sim uma ferramenta essencial para o sucesso sustent\u00e1vel de qualquer neg\u00f3cio. Distinguimo-nos pelo acompanhamento pr\u00f3ximo, pela comunica\u00e7\u00e3o clara e pela capacidade de adaptar os nossos servi\u00e7os \u00e0s necessidades reais de cada cliente. Desde a cria\u00e7\u00e3o de empresas at\u00e9 \u00e0 gest\u00e3o de neg\u00f3cios digitais e e-commerce, oferecemos apoio completo, com foco na rentabilidade, na sustentabilidade e no crescimento. Tamb\u00e9m ajudamos na optimiza\u00e7\u00e3o de sites e estrat\u00e9gias de SEO, potenciando a visibilidade online e aumentando as convers\u00f5es. Com uma equipa experiente e em constante atualiza\u00e7\u00e3o, garantimos um servi\u00e7o de excel\u00eancia, sempre alinhado com as melhores pr\u00e1ticas fiscais e legais. Na VantagemFiscal, cada cliente \u00e9 tratado como um parceiro, com quem constru\u00edmos rela\u00e7\u00f5es duradouras e de confian\u00e7a. A nossa vis\u00e3o \u00e9 crescer lado a lado com quem nos escolhe, contribuindo activamente para o sucesso de cada projecto.<\/p>\n","protected":false},"author":1,"featured_media":0,"parent":0,"menu_order":0,"comment_status":"closed","ping_status":"closed","template":"elementor_canvas","meta":{"om_disable_all_campaigns":false,"_monsterinsights_skip_tracking":false,"_monsterinsights_sitenote_active":false,"_monsterinsights_sitenote_note":"","_monsterinsights_sitenote_category":0,"footnotes":""},"class_list":["post-680","page","type-page","status-publish","hentry"],"aioseo_notices":[],"_links":{"self":[{"href":"https:\/\/vantagemfiscal.pt\/index.php\/wp-json\/wp\/v2\/pages\/680","targetHints":{"allow":["GET"]}}],"collection":[{"href":"https:\/\/vantagemfiscal.pt\/index.php\/wp-json\/wp\/v2\/pages"}],"about":[{"href":"https:\/\/vantagemfiscal.pt\/index.php\/wp-json\/wp\/v2\/types\/page"}],"author":[{"embeddable":true,"href":"https:\/\/vantagemfiscal.pt\/index.php\/wp-json\/wp\/v2\/users\/1"}],"replies":[{"embeddable":true,"href":"https:\/\/vantagemfiscal.pt\/index.php\/wp-json\/wp\/v2\/comments?post=680"}],"version-history":[{"count":40,"href":"https:\/\/vantagemfiscal.pt\/index.php\/wp-json\/wp\/v2\/pages\/680\/revisions"}],"predecessor-version":[{"id":1776,"href":"https:\/\/vantagemfiscal.pt\/index.php\/wp-json\/wp\/v2\/pages\/680\/revisions\/1776"}],"wp:attachment":[{"href":"https:\/\/vantagemfiscal.pt\/index.php\/wp-json\/wp\/v2\/media?parent=680"}],"curies":[{"name":"wp","href":"https:\/\/api.w.org\/{rel}","templated":true}]}}